{"id":49224,"date":"2022-11-14T16:11:29","date_gmt":"2022-11-14T10:41:29","guid":{"rendered":"https:\/\/www.womenfitness.net\/shop\/?post_type=product&#038;p=49224"},"modified":"2022-11-14T16:21:41","modified_gmt":"2022-11-14T10:51:41","slug":"bally-total-fitness-womens-high-rise-5-pocket-short","status":"publish","type":"product","link":"https:\/\/www.womenfitness.net\/shop\/product\/bally-total-fitness-womens-high-rise-5-pocket-short\/","title":{"rendered":"Bally Total Fitness Women..."},"content":{"rendered":"<p>Bally Total Fitness has been America&#8217;s first name in fitness for over 40 years. With its focus on style, functionality and versatility, Bally Total Fitness forms to both your body and your lifestyle.<\/p>\n<p>Bally Total Fitness ha sido el primer nombre de Estados Unidos en fitness durante m\u00e1s de 40 a\u00f1os. Con su enfoque en el estilo, la funcionalidad y la versatilidad, Bally Total Fitness se adapta tanto a tu cuerpo como a tu estilo de vida.<\/p>\n<p>Bally Total Fitness ist Amerikas erster Name im Bereich Fitness seit \u00fcber 40 Jahren. Mit seinem Fokus auf Stil, Funktionalit\u00e4t und Vielseitigkeit passt sich Bally Total Fitness sowohl Ihrem K\u00f6rper als auch Ihrem Lebensstil an.<\/p>\n","protected":false},"excerpt":{"rendered":"<ul class=\"a-unordered-list a-vertical a-spacing-mini\">\n<li><span class=\"a-list-item\">92% Polyester, 8% Spandex<\/span><\/li>\n<li><span class=\"a-list-item\">Imported<\/span><\/li>\n<li><span class=\"a-list-item\">Pull On closure<\/span><\/li>\n<li><span class=\"a-list-item\">Machine Wash<\/span><\/li>\n<li><span class=\"a-list-item\">High rise pocket short with a 4 inch shaped waistband to provide full-coverage, tummy control and slimming compression<\/span><\/li>\n<li><span class=\"a-list-item\">Signature Dry Wik finish fabric and a breathable CoolMax gusset lining keep you comfortable while wicking away moisture and accelerate drying.<\/span><\/li>\n<li><span class=\"a-list-item\">Slimming side panels with pockets to hold small personal items<\/span><\/li>\n<li><span class=\"a-list-item\">Inseam: 7 inches<\/span><\/li>\n<\/ul>\n","protected":false},"featured_media":49225,"comment_status":"closed","ping_status":"closed","template":"","meta":{"_genesis_hide_title":false,"_genesis_hide_breadcrumbs":false,"_genesis_hide_singular_image":false,"_genesis_hide_footer_widgets":false,"_genesis_custom_body_class":"","_genesis_custom_post_class":"","_genesis_layout":""},"product_cat":[16],"product_tag":[],"yoast_head":"<!-- This site is optimized with the Yoast SEO plugin v22.8 - https:\/\/yoast.com\/wordpress\/plugins\/seo\/ -->\n<title>Bally Total Fitness Women&#039;s High Rise 5&quot; Pocket Short - WF Shopping<\/title>\n<meta name=\"description\" content=\"High rise pocket short with a 4 inch shaped waistband to provide full-coverage, tummy control and slimming compression\" \/>\n<meta name=\"robots\" content=\"index, follow, max-snippet:-1, max-image-preview:large, max-video-preview:-1\" \/>\n<link rel=\"canonical\" href=\"https:\/\/www.womenfitness.net\/shop\/product\/bally-total-fitness-womens-high-rise-5-pocket-short\/\" \/>\n<meta property=\"og:locale\" content=\"en_US\" \/>\n<meta property=\"og:type\" content=\"article\" \/>\n<meta property=\"og:title\" content=\"Bally Total Fitness Women&#039;s High Rise 5&quot; Pocket Short - WF Shopping\" \/>\n<meta property=\"og:description\" content=\"High rise pocket short with a 4 inch shaped waistband to provide full-coverage, tummy control and slimming compression\" \/>\n<meta property=\"og:url\" content=\"https:\/\/www.womenfitness.net\/shop\/product\/bally-total-fitness-womens-high-rise-5-pocket-short\/\" \/>\n<meta property=\"og:site_name\" content=\"WF Shopping\" \/>\n<meta property=\"article:modified_time\" content=\"2022-11-14T10:51:41+00:00\" \/>\n<meta property=\"og:image\" content=\"https:\/\/www.womenfitness.net\/shop\/wp-content\/uploads\/2022\/11\/Pocket-Short.jpg\" \/>\n\t<meta property=\"og:image:width\" content=\"453\" \/>\n\t<meta property=\"og:image:height\" content=\"679\" \/>\n\t<meta property=\"og:image:type\" content=\"image\/jpeg\" \/>\n<meta name=\"twitter:card\" content=\"summary_large_image\" \/>\n<meta name=\"twitter:label1\" content=\"Est. reading time\" \/>\n\t<meta name=\"twitter:data1\" content=\"1 minute\" \/>\n<script type=\"application\/ld+json\" class=\"yoast-schema-graph\">{\"@context\":\"https:\/\/schema.org\",\"@graph\":[{\"@type\":\"WebPage\",\"@id\":\"https:\/\/www.womenfitness.net\/shop\/product\/bally-total-fitness-womens-high-rise-5-pocket-short\/\",\"url\":\"https:\/\/www.womenfitness.net\/shop\/product\/bally-total-fitness-womens-high-rise-5-pocket-short\/\",\"name\":\"Bally Total Fitness Women's High Rise 5\\\" Pocket Short - WF Shopping\",\"isPartOf\":{\"@id\":\"https:\/\/www.womenfitness.net\/shop\/#website\"},\"primaryImageOfPage\":{\"@id\":\"https:\/\/www.womenfitness.net\/shop\/product\/bally-total-fitness-womens-high-rise-5-pocket-short\/#primaryimage\"},\"image\":{\"@id\":\"https:\/\/www.womenfitness.net\/shop\/product\/bally-total-fitness-womens-high-rise-5-pocket-short\/#primaryimage\"},\"thumbnailUrl\":\"https:\/\/www.womenfitness.net\/shop\/wp-content\/uploads\/2022\/11\/Pocket-Short.jpg\",\"datePublished\":\"2022-11-14T10:41:29+00:00\",\"dateModified\":\"2022-11-14T10:51:41+00:00\",\"description\":\"High rise pocket short with a 4 inch shaped waistband to provide full-coverage, tummy control and slimming compression\",\"breadcrumb\":{\"@id\":\"https:\/\/www.womenfitness.net\/shop\/product\/bally-total-fitness-womens-high-rise-5-pocket-short\/#breadcrumb\"},\"inLanguage\":\"en-US\",\"potentialAction\":[{\"@type\":\"ReadAction\",\"target\":[\"https:\/\/www.womenfitness.net\/shop\/product\/bally-total-fitness-womens-high-rise-5-pocket-short\/\"]}]},{\"@type\":\"ImageObject\",\"inLanguage\":\"en-US\",\"@id\":\"https:\/\/www.womenfitness.net\/shop\/product\/bally-total-fitness-womens-high-rise-5-pocket-short\/#primaryimage\",\"url\":\"https:\/\/www.womenfitness.net\/shop\/wp-content\/uploads\/2022\/11\/Pocket-Short.jpg\",\"contentUrl\":\"https:\/\/www.womenfitness.net\/shop\/wp-content\/uploads\/2022\/11\/Pocket-Short.jpg\",\"width\":453,\"height\":679,\"caption\":\"Pocket Short\"},{\"@type\":\"BreadcrumbList\",\"@id\":\"https:\/\/www.womenfitness.net\/shop\/product\/bally-total-fitness-womens-high-rise-5-pocket-short\/#breadcrumb\",\"itemListElement\":[{\"@type\":\"ListItem\",\"position\":1,\"name\":\"Home\",\"item\":\"https:\/\/www.womenfitness.net\/shop\/\"},{\"@type\":\"ListItem\",\"position\":2,\"name\":\"Shop\",\"item\":\"https:\/\/www.womenfitness.net\/shop\/\"},{\"@type\":\"ListItem\",\"position\":3,\"name\":\"Bally Total Fitness Women&#8217;s High Rise 5&#8243; Pocket Short\"}]},{\"@type\":\"WebSite\",\"@id\":\"https:\/\/www.womenfitness.net\/shop\/#website\",\"url\":\"https:\/\/www.womenfitness.net\/shop\/\",\"name\":\"WF Shopping\",\"description\":\"An exhaustive resource of Women Fitness and Health\",\"potentialAction\":[{\"@type\":\"SearchAction\",\"target\":{\"@type\":\"EntryPoint\",\"urlTemplate\":\"https:\/\/www.womenfitness.net\/shop\/?s={search_term_string}\"},\"query-input\":\"required name=search_term_string\"}],\"inLanguage\":\"en-US\"}]}<\/script>\n<!-- \/ Yoast SEO plugin. -->","yoast_head_json":{"title":"Bally Total Fitness Women's High Rise 5\" Pocket Short - WF Shopping","description":"High rise pocket short with a 4 inch shaped waistband to provide full-coverage, tummy control and slimming compression","robots":{"index":"index","follow":"follow","max-snippet":"max-snippet:-1","max-image-preview":"max-image-preview:large","max-video-preview":"max-video-preview:-1"},"canonical":"https:\/\/www.womenfitness.net\/shop\/product\/bally-total-fitness-womens-high-rise-5-pocket-short\/","og_locale":"en_US","og_type":"article","og_title":"Bally Total Fitness Women's High Rise 5\" Pocket Short - WF Shopping","og_description":"High rise pocket short with a 4 inch shaped waistband to provide full-coverage, tummy control and slimming compression","og_url":"https:\/\/www.womenfitness.net\/shop\/product\/bally-total-fitness-womens-high-rise-5-pocket-short\/","og_site_name":"WF Shopping","article_modified_time":"2022-11-14T10:51:41+00:00","og_image":[{"width":453,"height":679,"url":"https:\/\/www.womenfitness.net\/shop\/wp-content\/uploads\/2022\/11\/Pocket-Short.jpg","type":"image\/jpeg"}],"twitter_card":"summary_large_image","twitter_misc":{"Est. reading time":"1 minute"},"schema":{"@context":"https:\/\/schema.org","@graph":[{"@type":"WebPage","@id":"https:\/\/www.womenfitness.net\/shop\/product\/bally-total-fitness-womens-high-rise-5-pocket-short\/","url":"https:\/\/www.womenfitness.net\/shop\/product\/bally-total-fitness-womens-high-rise-5-pocket-short\/","name":"Bally Total Fitness Women's High Rise 5\" Pocket Short - WF Shopping","isPartOf":{"@id":"https:\/\/www.womenfitness.net\/shop\/#website"},"primaryImageOfPage":{"@id":"https:\/\/www.womenfitness.net\/shop\/product\/bally-total-fitness-womens-high-rise-5-pocket-short\/#primaryimage"},"image":{"@id":"https:\/\/www.womenfitness.net\/shop\/product\/bally-total-fitness-womens-high-rise-5-pocket-short\/#primaryimage"},"thumbnailUrl":"https:\/\/www.womenfitness.net\/shop\/wp-content\/uploads\/2022\/11\/Pocket-Short.jpg","datePublished":"2022-11-14T10:41:29+00:00","dateModified":"2022-11-14T10:51:41+00:00","description":"High rise pocket short with a 4 inch shaped waistband to provide full-coverage, tummy control and slimming compression","breadcrumb":{"@id":"https:\/\/www.womenfitness.net\/shop\/product\/bally-total-fitness-womens-high-rise-5-pocket-short\/#breadcrumb"},"inLanguage":"en-US","potentialAction":[{"@type":"ReadAction","target":["https:\/\/www.womenfitness.net\/shop\/product\/bally-total-fitness-womens-high-rise-5-pocket-short\/"]}]},{"@type":"ImageObject","inLanguage":"en-US","@id":"https:\/\/www.womenfitness.net\/shop\/product\/bally-total-fitness-womens-high-rise-5-pocket-short\/#primaryimage","url":"https:\/\/www.womenfitness.net\/shop\/wp-content\/uploads\/2022\/11\/Pocket-Short.jpg","contentUrl":"https:\/\/www.womenfitness.net\/shop\/wp-content\/uploads\/2022\/11\/Pocket-Short.jpg","width":453,"height":679,"caption":"Pocket Short"},{"@type":"BreadcrumbList","@id":"https:\/\/www.womenfitness.net\/shop\/product\/bally-total-fitness-womens-high-rise-5-pocket-short\/#breadcrumb","itemListElement":[{"@type":"ListItem","position":1,"name":"Home","item":"https:\/\/www.womenfitness.net\/shop\/"},{"@type":"ListItem","position":2,"name":"Shop","item":"https:\/\/www.womenfitness.net\/shop\/"},{"@type":"ListItem","position":3,"name":"Bally Total Fitness Women&#8217;s High Rise 5&#8243; Pocket Short"}]},{"@type":"WebSite","@id":"https:\/\/www.womenfitness.net\/shop\/#website","url":"https:\/\/www.womenfitness.net\/shop\/","name":"WF Shopping","description":"An exhaustive resource of Women Fitness and Health","potentialAction":[{"@type":"SearchAction","target":{"@type":"EntryPoint","urlTemplate":"https:\/\/www.womenfitness.net\/shop\/?s={search_term_string}"},"query-input":"required name=search_term_string"}],"inLanguage":"en-US"}]}},"_links":{"self":[{"href":"https:\/\/www.womenfitness.net\/shop\/wp-json\/wp\/v2\/product\/49224"}],"collection":[{"href":"https:\/\/www.womenfitness.net\/shop\/wp-json\/wp\/v2\/product"}],"about":[{"href":"https:\/\/www.womenfitness.net\/shop\/wp-json\/wp\/v2\/types\/product"}],"replies":[{"embeddable":true,"href":"https:\/\/www.womenfitness.net\/shop\/wp-json\/wp\/v2\/comments?post=49224"}],"wp:featuredmedia":[{"embeddable":true,"href":"https:\/\/www.womenfitness.net\/shop\/wp-json\/wp\/v2\/media\/49225"}],"wp:attachment":[{"href":"https:\/\/www.womenfitness.net\/shop\/wp-json\/wp\/v2\/media?parent=49224"}],"wp:term":[{"taxonomy":"product_cat","embeddable":true,"href":"https:\/\/www.womenfitness.net\/shop\/wp-json\/wp\/v2\/product_cat?post=49224"},{"taxonomy":"product_tag","embeddable":true,"href":"https:\/\/www.womenfitness.net\/shop\/wp-json\/wp\/v2\/product_tag?post=49224"}],"curies":[{"name":"wp","href":"https:\/\/api.w.org\/{rel}","templated":true}]}}